{"id":1173,"date":"2020-09-28T11:10:19","date_gmt":"2020-09-28T08:10:19","guid":{"rendered":"https:\/\/koulutuselamaan.fi\/?post_type=mec-events&#038;p=1173"},"modified":"2020-09-28T11:10:19","modified_gmt":"2020-09-28T08:10:19","slug":"kurun-yhtenaiskoulu-ylojarvi","status":"publish","type":"mec-events","link":"https:\/\/koulutuselamaan.fi\/sv\/events\/kurun-yhtenaiskoulu-ylojarvi\/","title":{"rendered":"Kurun Yhten\u00e4iskoulu, Yl\u00f6j\u00e4rvi"},"content":{"rendered":"","protected":false},"excerpt":{"rendered":"","protected":false},"author":5,"featured_media":0,"comment_status":"open","ping_status":"closed","template":"","tags":[],"mec_category":[],"class_list":["post-1173","mec-events","type-mec-events","status-publish","hentry","no-featured-image"],"jetpack_sharing_enabled":true,"_links":{"self":[{"href":"https:\/\/koulutuselamaan.fi\/sv\/wp-json\/wp\/v2\/mec-events\/1173","targetHints":{"allow":["GET"]}}],"collection":[{"href":"https:\/\/koulutuselamaan.fi\/sv\/wp-json\/wp\/v2\/mec-events"}],"about":[{"href":"https:\/\/koulutuselamaan.fi\/sv\/wp-json\/wp\/v2\/types\/mec-events"}],"author":[{"embeddable":true,"href":"https:\/\/koulutuselamaan.fi\/sv\/wp-json\/wp\/v2\/users\/5"}],"replies":[{"embeddable":true,"href":"https:\/\/koulutuselamaan.fi\/sv\/wp-json\/wp\/v2\/comments?post=1173"}],"wp:attachment":[{"href":"https:\/\/koulutuselamaan.fi\/sv\/wp-json\/wp\/v2\/media?parent=1173"}],"wp:term":[{"taxonomy":"post_tag","embeddable":true,"href":"https:\/\/koulutuselamaan.fi\/sv\/wp-json\/wp\/v2\/tags?post=1173"},{"taxonomy":"mec_category","embeddable":true,"href":"https:\/\/koulutuselamaan.fi\/sv\/wp-json\/wp\/v2\/mec_category?post=1173"}],"curies":[{"name":"wp","href":"https:\/\/api.w.org\/{rel}","templated":true}]}}

Kurun Yhtenäiskoulu, Ylöjärvi
